 (base 4) in base 10?
-376
-554 (base 9) to base 2
-111000110
Convert 31b4 (base 12) to base 15.
1944
What is 250225 (base 7) in base 6?
551424
Convert -1001121 (base 3) to base 4.
-30010
What is -121141 (base 6) in base 12?
-61b1
-112021222 (base 3) to base 5
-313141
Convert -10101000011100 (base 2) to base 12.
-62a4
What is 48344 (base 9) in base 14?
bb15
-260 (base 9) to base 8
-330
-11011001011010 (base 2) to base 11
-a4aa
Convert 8255 (base 10) to base 11.
6225
What is -12432 (base 6) in base 15?
-862
What is -20042 (base 6) in base 3?
-10120222
-120220 (base 5) to base 13
-2032
106 (base 9) to base 5
322
-73a0 (base 11) to base 12
-57ba
-2001 (base 9) to base 3
-2000001
32288 (base 10) to base 14
baa4
-12045 (base 6) to base 5
-24012
223030 (base 4) to base 11
2093
51326 (base 7) to base 8
30343
What is -168 (base 13) in base 6?
-1103
Convert ba8 (base 13) to base 7.
5552
Convert -1100001000000110 (base 2) to base 5.
-3042140
-110111 (base 2) to base 4
-313
What is 4313 (base 10) in base 16?
10d9
What is 15685 (base 9) in base 14?
3cd3
-bf4 (base 16) to base 12
-1930
Convert 1537 (base 9) to base 7.
3256
Convert 787 (base 11) to base 15.
42c
What is -101002113 (base 4) in base 5?
-4213113
Convert 75 (base 9) to base 10.
68
Convert -5268 (base 14) to base 11.
-a743
-101032 (base 5) to base 2
-110011000011
What is -13515 (base 7) in base 2?
-111001100111
What is 32312 (base 4) in base 5?
12300
What is 12663 (base 10) in base 8?
30567
c14e (base 15) to base 2
1001111101011111
What is -5461 (base 7) in base 4?
-132202
Convert 111000101011010 (base 2) to base 10.
29018
386 (base 10) to base 4
12002
-210414 (base 5) to base 15
-2109
What is 566 (base 10) in base 11?
475
Convert 11011111101 (base 2) to base 4.
123331
What is -11434 (base 6) in base 3?
-2022011
What is -10547 (base 15) in base 8?
-145151
-3221 (base 6) to base 12
-511
Convert 333112 (base 4) to base 15.
1304
What is 62 (base 15) in base 5?
332
Convert 12201100 (base 3) to base 10.
4167
Convert -30385 (base 9) to base 4.
-10320203
Convert -4125 (base 7) to base 13.
-86a
What is -135240 (base 6) in base 5?
-402330
-110 (base 8) to base 14
-52
-14b (base 16) to base 7
-652
-1840 (base 11) to base 2
-100100100111
What is -233312 (base 4) in base 8?
-5766
What is b36 (base 13) in base 5?
30104
Convert -4305 (base 11) to base 5.
-140232
What is -2313 (base 8) in base 14?
-639
3356 (base 13) to base 3
100211112
3054 (base 8) to base 3
2011112
1f2 (base 16) to base 7
1311
-11233 (base 7) to base 11
-2176
-367 (base 10) to base 11
-304
Convert -473 (base 10) to base 13.
-2a5
Convert -b7 (base 16) to base 9.
-223
What is -101011111000 (base 2) in base 7?
-11121
What is -d02 (base 16) in base 6?
-23230
What is -103022 (base 7) in base 5?
-1032402
16b1c (base 13) to base 14
11c83
Convert 1331c (base 15) to base 9.
103260
What is -32020 (base 9) in base 6?
-241543
Convert 101100111 (base 2) to base 7.
1022
1a4 (base 13) to base 8
457
-450 (base 10) to base 15
-200
What is -3d4 (base 15) in base 14?
-466
Convert 1121 (base 4) to base 2.
1011001
20013 (base 5) to base 13
75a
What is -336 (base 13) in base 15?
-26c
What is -a56 (base 16) in base 13?
-1287
What is -2882 (base 9) in base 2?
-100010000100
Convert -75d (base 16) to base 10.
-1885
-44144 (base 6) to base 11
-4657
What is 1397 (base 14) in base 11?
2670
Convert -1d0 (base 16) to base 3.
-122012
What is -5145 (base 7) in base 4?
-130011
-1001000010 (base 2) to base 10
-578
What is 1302 (base 6) in base 12?
232
Convert -1404013 (base 5) to base 13.
-10057
-3237 (base 12) to base 15
-197a
4133 (base 5) to base 12
393
What is -9927 (base 15) in base 8?
-77265
Convert 10b (base 12) to base 13.
bc
Convert 51045 (base 6) to base 11.
5064
What is 2303332 (base 4) in base 15?
362d
10111 (base 8) to base 10
4169
226 (base 10) to base 16
e2
What is 3200 (base 7) in base 14?
5a7
100110101010010 (base 2) to base 13
9018
Convert 67ae (base 15) to base 8.
52745
What is -40233 (base 8) in base 10?
-16539
Convert 720 (base 9) to base 6.
2413
120212 (base 5) to base 3
20002011
What is 231313 (base 4) in base 5?
43220
Convert 291 (base 10) to base 3.
101210
What is -121203 (base 4) in base 14?
-84b
What is 151335 (base 7) in base 13?
10470
What is a135 (base 12) in base 13?
7c46
Convert -452 (base 12) to base 9.
-778
What is -11211 (base 4) in base 3?
-111020
What is -7a3 (base 12) in base 4?
-101223
What is -100000101100 (base 2) in base 16?
-82c
10101012 (base 4) to base 8
42106
What is 10000011001101 (base 2) in base 7?
33324
What is -81c (base 15) in base 11?
-1411
Convert -11110101101 (base 2) to base 11.
-1527
Convert ae (base 16) to base 6.
450
What is 735 (base 8) in base 11?
3a4
555 (base 15) to base 13
719
What is -5c3b (base 13) in base 10?
-13063
-2356 (base 10) to base 8
-4464
Convert -52551 (base 7) to base 14.
-4a28
Convert -c71 (base 16) to base 4.
-301301
Convert 410041 (base 5) to base 16.
335a
Convert -322 (base 10) to base 3.
-102221
Convert -11011110 (base 2) to base 8.
-336
385 (base 15) to base 13
497
What is -12003 (base 6) in base 15?
-7a6
What is -243a (base 14) in base 6?
-45140
-781 (base 10) to base 5
-11111
3620 (base 8) to base 10
1936
-1011101010010011 (base 2) to base 9
-72460
What is 11010100 (base 2) in base 8?
324
What is 661d (base 15) in base 5?
1143003
What is 101201201 (base 3) in base 15?
24b7
What is 122440 (base 6) in base 15?
33b3
Convert -130 (base 14) to base 3.
-22211
-209 (base 10) to base 13
-131
Convert 113110 (base 4) to base 12.
a44
Convert -160b2 (base 12) to base 13.
-112ac
What is -9d4 (base 15) in base 11?
-1742
What is -1351 (base 6) in base 5?
-2410
What is 93a (base 16) in base 5?
33422
What is -15f (base 16) in base 10?
-351
What is 231 (base 13) in base 4?
11322
Convert 120447 (base 8) to base 13.
15a16
Convert ebe (base 15) to base 8.
6401
What is -10084 (base 11) in base 2?
-11100110001101
Convert 1647 (base 16) to base 11.
4315
-22212200 (base 3) to base 10
-6471
What is 3256 (base 8) in base 9?
2310
What is 657 (base 16) in base 7?
4506
-1066 (base 11) to base 15
-638
-155542 (base 6) to base 11
-1074a
110201222 (base 3) to base 7
36035
-228 (base 13) to base 12
-270
-52012 (base 10) to base 9
-78311
Convert 335 (base 7) to base 10.
173
What is -142 (base 14) in base 15?
-11e
8651 (base 9) to base 2
1100011011100
What is -3332320 (base 4) in base 2?
-11111110111000
What is -12002 (base 6) in base 16?
-6c2
What is 10110010100 (base 2) in base 8?
2624
3101220 (base 4) to base 5
412131
145 (base 15) to base 14
16a
Convert 28404 (base 11) to base 9.
61388
-2911 (base 14) to base 9
-10864
-1021101 (base 3) to base 9
-1241
What is 1101222102 (base 3) in base 14?
a138
Convert -3bbd (base 16) to base 9.
-22872
-310310 (base 4) to base 13
-1700
11021021 (base 3) to base 14
11c4
What is -1003444 (base 6) in base 16?
-b974
-44031 (base 5) to base 12
-18b4
222200 (base 4) to base 8
5240
-910 (base 13) to base 3
-2002211
-43b4 (base 15) to base 8
-34010
-348b (base 12) to base 4
-1123223
114 (base 16) to base 14
15a
-1182 (base 16) to base 8
-10602
Convert 695 (base 10) to base 16.
2b7
-139 (base 14) to base 11
-205
111010011111000 (base 2) to base 13
10825
What is c90 (base 14) in base 11?
1953
35d (base 15) to base 13
469
What is -1100 (base 15) in base 3?
-11221100
Convert 660 (base 13) to base 8.
2104
What is -526 (base 9) in base 7?
-1152
Convert -100043 (base 5) to base 15.
-ded
What is 11100101100 (base 2) in base 15?
826
Convert -101001111011 (base 2) to base 10.
-2683
-490 (base 10) to base 12
-34a
Convert 222111022 (base 3) to base 8.
45561
What is 10099 (base 10) in base 11?
7651
123f (base 16) to base 15
15b6
6a4 (base 12) to base 16
3dc
Convert -42240 (base 9) to base 7.
-144225
What is 2758 (base 14) in base 9?
10458
What is -3400 (base 5) in base 10?
-475
What is 51241 (base 6) in base 12?
3b21
-22b2 (base 16) to base 2
-10001010110010
What is 411204 (base 5) in base 15?
3e1e
What is -101111 (base 5) in base 12?
-1a95
What is -172 (base 13) in base 15?
-127
Convert -4042 (base 5) to base 2.
-1000001010
Convert 104032 (base 6) to base 14.
3228
Convert 564 (base 13) to base 3.
1021100
-1200112 (base 3) to base 4
-103031
Convert -41144 (base 6) to base 11.
-4118
Convert -5464 (base 8)